13*b - 1. Let w be j(-2). What are the prime factors of (20/(-25))/((-2)/w)?
2, 5
List the prime factors of (-3 - (2 - 5)) + 72.
2, 3
Suppose 2*l + 2 = 3*l. Let w be 4/(-14) - (-4)/14. Let y = l - w. List the prime factors of y.
2
Let i(o) = o**2 + 4*o + 6. What are the prime factors of i(-3)?
3
Suppose -5*n = -0*n - 250. Suppose 4*x + 4*q = 0, x + 3*q + 25 = 3*x. Suppose -3*t - c + 37 = 3, n = 5*t + x*c. What are the prime factors of t?
2, 3
Let v = 38 - 13. What are the prime factors of v?
5
Let q be 2/(-3*(-6)/9). What are the prime factors of q*-10*(-2)/2?
2, 5
Suppose 3*j - 4*j = j. Suppose -3*p + d = -45, p - 4*d = -3*p + 68. Suppose j*n - p = -n. What are the prime factors of n?
2, 7
Suppose -7 = -f - 2. Suppose -7*o + 4 = -f*o. What are the prime factors of o?
2
Let w be (3 - -12) + 1/1. Let f = w - 9. List the prime factors of f.
7
Let f = -4 + 12. Suppose -6*n + 4*n + f = b, 0 = 5*b - 3*n + 12. Suppose -4*a + 17 - 5 = b. What are the prime factors of a?
3
Suppose 3*l - 7*l + 5*k + 323 = 0, -2*l = -k - 157. What are the prime factors of l?
7, 11
Suppose 0*i + 2*d = 3*i - 7, -3*i = -4*d - 5. Suppose -3*u = 3*o + 9, -3*u + 19 = -u - i*o. Suppose -u*z = -z - 3. What are the prime factors of z?
3
Suppose -2*g + 31 = 3*i - 0*i, -47 = -3*g - 4*i. Let b = 19 - g. What are the prime factors of b?
2
Let x(m) = 2*m - 3. Let o = 11 + -5. Let c be x(o). What are the prime factors of 21*(2 + (-12)/c)?
2, 7
Let g(v) = -2*v + 7. Let j be g(5). Let r be -3*1/j*1. List the prime factors of 2 + (-6)/(r + -4).
2
Suppose -264 = -4*u + 20. What are the prime factors of u?
71
Suppose -680 = -4*q + m - 92, -5*q + 748 = 2*m. List the prime factors of q.
2, 37
Let m(j) = -j + 1. Let x be m(-2). Suppose z - x*k = -2*z + 30, 4*z = 5*k + 39. List the prime factors of z.
11
Suppose 30 = l + 4*l. What are the prime factors of (l + 4)*12/15?
2
Suppose 2 - 246 = -4*j. List the prime factors of j.
61
List the prime factors of ((-8)/((-72)/219))/(1/6).
2, 73
Suppose -5*h + 61 = -29. Let x be h/4*20/(-15). Let d = 1 - x. What are the prime factors of d?
7
Let j be 4/(-10) - 44/(-10). Suppose -j*v = n - 2, 4*v - n + 5*n - 8 = 0. Suppose l + 0*l + 24 = 5*u, -3*u + 4*l + 28 = v. What are the prime factors of u?
2
Let d(n) = n**2 + 5*n + 3. Let l be d(-4). Let o be l/4 + (-45)/(-4). Suppose 71 - o = 5*x. List the prime factors of x.
2, 3
Suppose -u - 5 = -223. List the prime factors of u.
2, 109
Let i be (8/(-16))/(1/20). Let r = 22 + i. List the prime factors of r.
2, 3
Let p = 518 + -119. List the prime factors of p.
3, 7, 19
Suppose -11*k + 4*k = -140. What are the prime factors of k?
2, 5
Let u = -165 - -250. Let q = 120 - u. What are the prime factors of q?
5, 7
Suppose 4*c - 2*c - 604 = 0. What are the prime factors of c?
2, 151
Let k(b) = 67*b**2 - b. What are the prime factors of k(1)?
2, 3, 11
Let s(y) = -10*y - 21. List the prime factors of s(-6).
3, 13
Let s(g) = -g + 11. Let o be (1 + 1)*-2*2. What are the prime factors of s(o)?
19
Let a(f) = 1 + f - 4 - 2*f - 3. List the prime factors of a(-9).
3
Let g(s) = -2*s + 0*s**3 - 2*s**3 - 1 + 0 + 3*s**2. Let q be g(2). List the prime factors of (q/15 + 0)*-5.
3
Suppose 2*c - 7*c = 3*q - 64, -5*q - 2*c + 75 = 0. Suppose 0 = 5*b - 4*b - q. What are the prime factors of b?
13
Let a be 1 + -1 + 3 + 0. Suppose a*o - 2*g = -5*g + 15, -2*o - 4*g = -14. Suppose f - 4*d - 15 - 11 = 0, -d = o*f - 26. What are the prime factors of f?
2, 5
Let w = -1 - -4. Suppose 0*k - w*f = -3*k + 72, f - 28 = -k. What are the prime factors of k?
2, 13
Suppose -3*s + 16 = s. Let l(q) = -2*q. Let w(j) = -2*j. Let p(u) = s*w(u) - 3*l(u). What are the prime factors of p(-1)?
2
Let f(s) = -32*s - 15. List the prime factors of f(-7).
11, 19
Let v(n) = n**2 + 2*n + 3. List the prime factors of v(7).
2, 3, 11
Let q(p) = -29*p**3 - 2*p**2 + p + 2. What are the prime factors of q(-1)?
2, 7
Let o(d) = 2*d**3 - 4*d**2 + 6*d - 10. What are the prime factors of o(4)?
2, 3, 13
Let i be 4/6 - 21/(-9). Let g(p) = 7*p**2 - 3*p + 0*p - 7 - 12*p**3 + 11*p**i. What are the prime factors of g(6)?
11
Suppose -3*p - 115 = -5*x, 4*x + 0*p - 99 = p. Suppose 0 = -4*d + 14 + 26. Let n = x - d. What are the prime factors of n?
2
Let j(b) = -30*b**3 - 2*b**2 + 1. What are the prime factors of j(-1)?
29
Let p(i) = -i**2 + 17*i + 40. What are the prime factors of p(15)?
2, 5, 7
Let w(o) be the first derivative of -o**2 + 0*o + 2/3*o**3 + 3. List the prime factors of w(-2).
2, 3
Let v = 12 + -17. Let x = -3 - v. Let z = x + 4. What are the prime factors of z?
2, 3
Let u(f) = -20*f - 2. What are the prime factors of u(-1)?
2, 3
What are the prime factors of (-273)/(-14)*(7 + -3)?
2, 3, 13
Let j(l) = -3*l + 4. Let v be j(6). Let g = v - -24. What are the prime factors of g?
2, 5
Let a = 20 - 8. Let c be (6/4)/(a/16). Suppose 0 - c = -i. List the prime factors of i.
2
Let i(q) = -q**2 + 3 + q + 6 - 8*q. Let n = 11 + -18. List the prime factors of i(n).
3
Suppose 4*v - 60 = -12. Let g = 21 + 3. Suppose g = 4*c - 5*k, 4*c - 4*k - v = 2*c. What are the prime factors of c?
2, 3
Suppose 0 = -14*f + 8*f + 414. What are the prime factors of f?
3, 23
List the prime factors of 40/180 - (1 - 241/9).
2, 13
Let z(v) = -v**2 - v + 4. Let u be z(3). Suppose -3*f = 0, 0*w - 3*w = -f + 57. Let k = u - w. List the prime factors of k.
11
Let i be (-8)/6*3/(-2). Suppose -1 = 3*y - 13. Suppose 0 = 3*j + i*v - 13, -y*j - 2*v = -23 + 5. List the prime factors of j.
5
List the prime factors of -14 + 82 - (1 - 2).
3, 23
Let r = 33 + 69. What are the prime factors of r?
2, 3, 17
Let r = 16 + -13. What are the prime factors of r?
3
Suppose -5*o - 2*h + 0*h = -14, 3 = -h. Suppose 3 = -w - o. Let q = w - -12. What are the prime factors of q?
5
Let v(w) = -w**3 - 6*w**2 - 6*w - 1. Suppose -8 = 2*u - 0. Let d be v(u). Let q = 2 - d. List the prime factors of q.
11
Let l(h) = -h**3 + 6*h**2 - 5*h + 4. Let k be l(4). Let o(j) = j**3 - 17*j**2 + 18*j. List the prime factors of o(k).
2
Let l be 10/(-6)*-6 - 2. List the prime factors of (-7 + l)/(2/10).
5
List the prime factors of 48/(-8)*(-2)/6.
2
Suppose 0 = 5*a - 2*a + 3. List the prime factors of (3 - (0 + a))*3.
2, 3
Let o = 0 + 5. Suppose 2*l - 11 - 58 = o*p, 3*p = 3. What are the prime factors of l?
37
List the prime factors of (22/(-6))/((-5)/330).
2, 11
Let w be ((-4)/3)/(2/(-6)). Suppose -m = -w*m. List the prime factors of -1 - m - -4 - -4.
7
Let c(g) = g**3 - 3*g**2 + g + 4. Let v be 8/6 + 4/6. Suppose 3*h + 2*p = 3, -v*h = 3*p + 4 - 1. What are the prime factors of c(h)?
7
Suppose -6*l + 8*l = 72. What are the prime factors of l?
2, 3
Let s(w) = 81*w - 8. What are the prime factors of s(1)?
73
Let l = 1 - 0. Suppose -20 + 4 = 3*g + 4*z, -4*g - 3*z = 12. Suppose -m + l + 9 = g. List the prime factors of m.
2, 5
Let h be ((-14)/(-8))/((-1)/4). Let w = h + -14. What are the prime factors of (w/(-12))/(2/8)?
7
Suppose -6*l - 20 = -146. List the prime factors of l.
3, 7
Suppose 3*r = -o + 3, 2*o - 2 = -5*r + 2. Let a = 15 - 5. Suppose -q + a = -r. List the prime factors of q.
2, 3
Let x be 2/7 - (-234)/14. Suppose 91 = 3*d + 2*u, 6*u - x = -d + 2*u. List the prime factors of d.
3, 11
Suppose -4*b - b + 20 = 0. Let j(u) = u**2 - 2*u + 2. List the prime factors of j(b).
2, 5
Let q(c) be the third derivative of -c**7/1680 - c**6/720 + c**5/30 + 4*c**2. Let r(z) be the third derivative of q(z). What are the prime factors of r(-3)?
2
Let v(i) = i**3 + 5*i**2 - 9*i - 2. Let l be (-14)/(3 - (-14)/(-4)). Suppose 10 = -3*s - 4*u, -2*u + l = -3*s + 3*u. What are the prime factors of v(s)?
2
Suppose 0 = 3*l - 2*a + 4 + 3, 0 = 4*l + 2*a - 14. Suppose m - 3*n = 27, -2*m = n - l - 39. List the prime factors of m.
3, 7
Let d = -6 + 75. What are the prime factors of d?
3, 23
Let w = -65 + 185. List the prime factors of w.
2, 3, 5
Let x = -35 - -14. Suppose -4*i = c - 31, 0 = 2*i + i + 3. Let h = c + x. List the prime factors of h.
2, 7
Let c = 540 - 367. List the prime factors of c.
173
Suppose 276 + 44 = 5*r. List the prime factors of r.
2
Suppose -4*z = -2*r - 34, 2*z - 1 - 25 = -2*r. Suppose -3*l - 2*p - z = -5*l, 0 = -p - 5. Suppose l*u - 20 = -u. What are the prime factors of u?
2, 5
Suppose 0 = 4*g + 2*g - 12. Let h be (-1)/(-1 + 16/18). Suppose w - h = -g*w.